{"id":11643,"date":"2021-05-17T13:36:43","date_gmt":"2021-05-17T13:36:43","guid":{"rendered":"http:\/\/www.kral-medical.ro\/?post_type=product&#038;p=11643"},"modified":"2021-05-19T12:20:12","modified_gmt":"2021-05-19T12:20:12","slug":"instrumentar-chirurgical","status":"publish","type":"product","link":"https:\/\/kral-medical.ro\/?product=instrumentar-chirurgical","title":{"rendered":"Instrumentar chirugical"},"content":{"rendered":"<p><img decoding=\"async\" class=\"product_top_image\" src=\"http:\/\/www.kral-medical.ro\/wp-content\/uploads\/2021\/05\/instrumentar-chirugical.jpg\" \/><\/p>\n<div class=\"product_title_over_image\"><span style=\"color: #333333;\">Instrumentar<\/span><\/div>\n<div class=\"product_subtitle_over_image\"><span style=\"color: #333333;\">Instrumentar chirurgical<\/span><\/div>\n<div class=\"product-content\">\n<h2 style=\"display: block;\"><span style=\"color: #333333;\">Prezentare general\u0103<\/span><\/h2>\n<h4 style=\"display: block;\"><span style=\"color: #ff9900;\">Instrumentar chirurgical Hermann<\/span><\/h4>\n<p>Cu o experien\u021b\u0103 de peste 50 de ani \u00een fabricarea instrumentelor chirurgicale, compania Herman, lider in Europa \u00een fabricarea instrumentelor chirurgicale, ofer\u0103 o calitate superioar\u0103. Acestea sunt confec\u021bionate din materiale deosebit de rezistente, sunt u\u0219or de manevrat \u0219i sunt disponibile pentru o varietate de proceduri chirurgicale.<\/p>\n<hr \/>\n<h2 style=\"display: block;\">aplica\u021bii<\/h2>\n<ul class=\"product-ul\">\n<li class=\"heading\"><span style=\"color: #ff9900;\">Laparoscopie<\/span><\/li>\n<li>Instrumente reutilizabile \u0219i durabile, u\u0219or \u0219i confortabil de utilizat de c\u0103tre chirurgi. M\u00e2nerele instrumentelor de m\u00e2n\u0103 sunt confec\u021bionate din material deosebit de rezistent, fiind disponibile at\u00e2t \u00een varianta din metal c\u00e2t \u0219i din plastic. Unele inser\u021bii \u0219i m\u00e2nere sunt compatibile \u00eentre ele, iar lungimea acestora poate fi furnizat\u0103 la cerere \u00een diferite dimensiuni.<\/li>\n<li class=\"heading\"><span style=\"color: #ff9900;\">Artroscopie<\/span><\/li>\n<li>Linia de produse pentru artroscopie cuprinde diferite pense \u0219i perforatoare, precum \u0219i electrozi \u0219i shavere. Diversitatea \u0219i manipularea u\u0219oar\u0103 a instrumentelor,<br \/>\nm\u00e2nerele ergonomice, arborii drep\u021bi sau curba\u021bi, precum \u0219i  finisajele de precizie ofer\u0103 instrumentul potrivit pentru orice tip de aplica\u021bie artroscopic\u0103.<\/li>\n<li class=\"heading\"><span style=\"color: #ff9900;\">Chirurgie general\u0103<\/span><\/li>\n<li>Datorit\u0103 unei proceduri speciale de aspirare, putem ata\u0219a inser\u021bii din carbur\u0103 de tungsten la foarfece \u0219i astfel garant\u0103m o calitate \u0219i o longevitate de t\u0103iere imbatabile. Toate instrumentele Hermann sunt supuse unei inspec\u021bii de calitate certificate, astfel \u00eenc\u00e2t standardele noastre de calitate s\u0103 fie \u00eendeplinite pentru furnizarea unor instrumente sigure \u0219i de \u00eenalt\u0103 calitate clien\u021bilor no\u0219tri. <\/li>\n<li class=\"heading\"><span style=\"color: #ff9900;\">Urologie \/ Histeroscopie<\/span><\/li>\n<li>Oferta noastr\u0103 \u00een domeniul urologiei cuprinde gama complet\u0103 de instrumente pentru rezectoscopie monopolar\u0103, cistoscopie, nefroscopie, uretrorenoscopie \u0219i histeroscopie.\n<p>\u00cen plus, sunt disponibile instrumente cu diametre mai mici pentru aplica\u021bii pediatrice. Instrumentele noastre au un sistem special de clicuri, astfel \u00eenc\u00e2t lucrul cu ele este rapid \u0219i u\u0219or \u0219i nu obositor.<\/li>\n<li class=\"heading\"><span style=\"color: #ff9900;\">Chirurgie plastic\u0103 \u0219i reparatorie<\/span><\/li>\n<li>Oferta noastr\u0103 \u00een domeniul urologiei cuprinde gama complet\u0103 de instrumente pentru rezectoscopie monopolar\u0103, cistoscopie, nefroscopie, uretrorenoscopie \u0219i histeroscopie.\n<p>\u00cen plus, sunt disponibile instrumente cu diametre mai mici pentru aplica\u021bii pediatrice. Instrumentele noastre au un sistem special de clicuri, astfel \u00eenc\u00e2t lucrul cu ele este rapid \u0219i u\u0219or \u0219i nu obositor. <\/li>\n<li class=\"heading\"><span style=\"color: #ff9900;\">Instrumente cu inser\u021bii din carbur\u0103 de tungsten\u200b<\/span><\/li>\n<li>Hermann Medizintechnik GmbH a \u00eenceput produc\u021bia de foarfece din carbur\u0103 de tungsten \u00een 1969, fiind prima companie din Europa \u0219i a doua la nivel mondial.<br \/>\nAceste foarfece sunt fabricate complet \u00een propria produc\u021bie Hermann, preocuparea principal\u0103 a companiei fiind, desigur, calitatea instrumentelor. Compania Hermann este una dintre pu\u021binii produc\u0103tori care ata\u0219eaz\u0103 inser\u021biile din carbur\u0103 de tungsten \u00een cuptorul cu vid propriu \u00een loc s\u0103 le sudeze. Foarfecele cu inser\u021biile de carbur\u0103 de tungsten brazate sunt mai dure dec\u00e2t inser\u021biile sudate \u0219i au astfel o durat\u0103 de via\u021b\u0103 tehnic\u0103 mai lung\u0103.<\/li>\n<\/ul>\n<\/div>\n","protected":false},"excerpt":{"rendered":"<p>Instrumentar Instrumentar chirurgical Prezentare general\u0103 Instrumentar chirurgical Hermann Cu o experien\u021b\u0103 de peste 50 de ani \u00een fabricarea instrumentelor chirurgicale, compania Herman, lider in Europa \u00een fabricarea instrumentelor chirurgicale, ofer\u0103 o calitate superioar\u0103. Acestea sunt confec\u021bionate din materiale deosebit de rezistente, sunt u\u0219or de manevrat \u0219i sunt disponibile pentru o varietate de proceduri chirurgicale. aplica\u021bii &#8230; <a title=\"Instrumentar chirugical\" class=\"read-more\" href=\"https:\/\/kral-medical.ro\/?product=instrumentar-chirurgical\" aria-label=\"Cite\u0219te mai multe despre Instrumentar chirugical\">Cite\u0219te mai mult<\/a><\/p>\n","protected":false},"featured_media":8024,"template":"","meta":[],"pwb-brand":[207],"product_brand":[],"product_cat":[184],"product_tag":[],"class_list":{"0":"post-11643","1":"product","2":"type-product","3":"status-publish","4":"has-post-thumbnail","6":"pwb-brand-hermann","7":"product_cat-instrumentar","9":"first","10":"instock","11":"shipping-taxable","12":"product-type-simple"},"brands":[{"id":207,"name":"Hermann","slug":"hermann"}],"_links":{"self":[{"href":"https:\/\/kral-medical.ro\/index.php?rest_route=\/wp\/v2\/product\/11643","targetHints":{"allow":["GET"]}}],"collection":[{"href":"https:\/\/kral-medical.ro\/index.php?rest_route=\/wp\/v2\/product"}],"about":[{"href":"https:\/\/kral-medical.ro\/index.php?rest_route=\/wp\/v2\/types\/product"}],"version-history":[{"count":1,"href":"https:\/\/kral-medical.ro\/index.php?rest_route=\/wp\/v2\/product\/11643\/revisions"}],"predecessor-version":[{"id":11644,"href":"https:\/\/kral-medical.ro\/index.php?rest_route=\/wp\/v2\/product\/11643\/revisions\/11644"}],"wp:featuredmedia":[{"embeddable":true,"href":"https:\/\/kral-medical.ro\/index.php?rest_route=\/wp\/v2\/media\/8024"}],"wp:attachment":[{"href":"https:\/\/kral-medical.ro\/index.php?rest_route=%2Fwp%2Fv2%2Fmedia&parent=11643"}],"wp:term":[{"taxonomy":"pwb-brand","embeddable":true,"href":"https:\/\/kral-medical.ro\/index.php?rest_route=%2Fwp%2Fv2%2Fpwb-brand&post=11643"},{"taxonomy":"product_brand","embeddable":true,"href":"https:\/\/kral-medical.ro\/index.php?rest_route=%2Fwp%2Fv2%2Fproduct_brand&post=11643"},{"taxonomy":"product_cat","embeddable":true,"href":"https:\/\/kral-medical.ro\/index.php?rest_route=%2Fwp%2Fv2%2Fproduct_cat&post=11643"},{"taxonomy":"product_tag","embeddable":true,"href":"https:\/\/kral-medical.ro\/index.php?rest_route=%2Fwp%2Fv2%2Fproduct_tag&post=11643"}],"curies":[{"name":"wp","href":"https:\/\/api.w.org\/{rel}","templated":true}]}}