{"id":1250,"date":"2020-05-15T10:12:09","date_gmt":"2020-05-15T10:12:09","guid":{"rendered":"http:\/\/www.kral-medical.ro\/?post_type=product&#038;p=1250"},"modified":"2021-05-14T11:18:03","modified_gmt":"2021-05-14T11:18:03","slug":"turniquet-stryker","status":"publish","type":"product","link":"https:\/\/kral-medical.ro\/?product=turniquet-stryker","title":{"rendered":"Turniquet SmartPump"},"content":{"rendered":"<p><img decoding=\"async\" class=\"product_top_image\" src=\"http:\/\/www.kral-medical.ro\/wp-content\/uploads\/2021\/01\/spartpump.png\" \/><\/p>\n<div class=\"product_title_over_image\"><span style=\"color: #333333;\">SmartPump<\/span><\/div>\n<div class=\"product_subtitle_over_image\"><span style=\"color: #333333;\">Sistem Tourniquet<\/span><\/div>\n<div class=\"product-content\">\n<h2 style=\"display: block;\"><span style=\"color: #333333;\">Prezentare general\u0103<\/span><\/h2>\n<h4 style=\"display: block;\"><span style=\"color: #ff9900;\">Performan\u021b\u0103 de \u00eencredere pentru siguran\u021ba presiunii arteriale<\/span><\/h4>\n<p>\u0218tim c\u0103 cele mai bune practici pentru turnichete chirurgicale necesit\u0103 un echilibru precis \u00eentre a furniza un c\u00e2mp f\u0103r\u0103 s\u00e2nge \u0219i protejarea bun\u0103st\u0103rii pacientului, inclusiv a \u021besuturilor delicate. De aceea, Stryker a proiectat sistemul SmartPump Tourniquet de \u00eenalt\u0103 performan\u021b\u0103 pentru a fi fiabil \u0219i intuitiv, completat cu mai multe controale de siguran\u021b\u0103 \u00eencorporate.<\/p>\n<hr \/>\n<h2 style=\"display: block;\">Func\u021bii<\/h2>\n<ul class=\"product-ul\">\n<li class=\"heading\"><span style=\"color: #ff9900;\">Func\u021bii \u0219i beneficii<\/span><\/li>\n<li>Elementele de rigidizare a tehnologiei EvenAIRe din garnitura man\u0219etei \u00een culoarea corespunz\u0103toare ajut\u0103 la ob\u021binerea ocluziei la cea mai mic\u0103 presiune efectiv\u0103, reduc\u00e2nd poten\u021bial complica\u021biile asociate cu niveluri de presiune mai ridicate<\/li>\n<li>Presiunea de ocluzie a membrelor (LOP) este determinat\u0103 de dvs., nu pe baza citirilor preoperatorii \u00eent\u00e2rziate<\/li>\n<li>Autocalibrarea de trei secunde la pornire detecteaz\u0103 automat orice problem\u0103 existent\u0103 la pomp\u0103, man\u0219et\u0103 sau linia de intrare\/ie\u0219ire<\/li>\n<li>Ofer\u0103 documenta\u021bie cuprinz\u0103toare a datelor perioperatorii<\/li>\n<li>Protec\u021bie de blocare IVRA \u00een trei pa\u0219i (pentru IVRA \/ Bier block, cot sau scenarii similare). C\u00e2nd o linie este dezumflat\u0103, a doua nu se va dezumfla dec\u00e2t dac\u0103 este ac\u021bionat\u0103 de dvs.<\/li>\n<li>Control independent al set\u0103rilor de timp \u0219i de presiune \u0219i a infla\u021biei fiec\u0103rei man\u0219ete<\/li>\n<li>Monitorizare perioperatorie \u00een timp real \u0219i reglare a intr\u0103rii \/ ie\u0219irii liniei de umplere, cu alerte pentru orice varia\u021bii<\/li>\n<li>Backup al bateriei de c\u00e2teva ore \u00een caz de pierdere de energie sau de utilizare mobil\u0103 inten\u021bionat\u0103<\/li>\n<\/ul>\n<\/div>\n","protected":false},"excerpt":{"rendered":"<p>SmartPump Sistem Tourniquet Prezentare general\u0103 Performan\u021b\u0103 de \u00eencredere pentru siguran\u021ba presiunii arteriale \u0218tim c\u0103 cele mai bune practici pentru turnichete chirurgicale necesit\u0103 un echilibru precis \u00eentre a furniza un c\u00e2mp f\u0103r\u0103 s\u00e2nge \u0219i protejarea bun\u0103st\u0103rii pacientului, inclusiv a \u021besuturilor delicate. De aceea, Stryker a proiectat sistemul SmartPump Tourniquet de \u00eenalt\u0103 performan\u021b\u0103 pentru a fi fiabil &#8230; <a title=\"Turniquet SmartPump\" class=\"read-more\" href=\"https:\/\/kral-medical.ro\/?product=turniquet-stryker\" aria-label=\"Cite\u0219te mai multe despre Turniquet SmartPump\">Cite\u0219te mai mult<\/a><\/p>\n","protected":false},"featured_media":1309,"template":"","meta":[],"pwb-brand":[78],"product_brand":[],"product_cat":[88,182,183],"product_tag":[],"class_list":{"0":"post-1250","1":"product","2":"type-product","3":"status-publish","4":"has-post-thumbnail","6":"pwb-brand-stryker","7":"product_cat-ortopedie","8":"product_cat-turniquet","9":"product_cat-turniquet-ortopedie","11":"first","12":"instock","13":"shipping-taxable","14":"product-type-simple"},"brands":[{"id":78,"name":"Stryker","slug":"stryker"}],"_links":{"self":[{"href":"https:\/\/kral-medical.ro\/index.php?rest_route=\/wp\/v2\/product\/1250","targetHints":{"allow":["GET"]}}],"collection":[{"href":"https:\/\/kral-medical.ro\/index.php?rest_route=\/wp\/v2\/product"}],"about":[{"href":"https:\/\/kral-medical.ro\/index.php?rest_route=\/wp\/v2\/types\/product"}],"version-history":[{"count":1,"href":"https:\/\/kral-medical.ro\/index.php?rest_route=\/wp\/v2\/product\/1250\/revisions"}],"predecessor-version":[{"id":2646,"href":"https:\/\/kral-medical.ro\/index.php?rest_route=\/wp\/v2\/product\/1250\/revisions\/2646"}],"wp:featuredmedia":[{"embeddable":true,"href":"https:\/\/kral-medical.ro\/index.php?rest_route=\/wp\/v2\/media\/1309"}],"wp:attachment":[{"href":"https:\/\/kral-medical.ro\/index.php?rest_route=%2Fwp%2Fv2%2Fmedia&parent=1250"}],"wp:term":[{"taxonomy":"pwb-brand","embeddable":true,"href":"https:\/\/kral-medical.ro\/index.php?rest_route=%2Fwp%2Fv2%2Fpwb-brand&post=1250"},{"taxonomy":"product_brand","embeddable":true,"href":"https:\/\/kral-medical.ro\/index.php?rest_route=%2Fwp%2Fv2%2Fproduct_brand&post=1250"},{"taxonomy":"product_cat","embeddable":true,"href":"https:\/\/kral-medical.ro\/index.php?rest_route=%2Fwp%2Fv2%2Fproduct_cat&post=1250"},{"taxonomy":"product_tag","embeddable":true,"href":"https:\/\/kral-medical.ro\/index.php?rest_route=%2Fwp%2Fv2%2Fproduct_tag&post=1250"}],"curies":[{"name":"wp","href":"https:\/\/api.w.org\/{rel}","templated":true}]}}