{"id":3201,"date":"2021-02-04T14:49:59","date_gmt":"2021-02-04T14:49:59","guid":{"rendered":"http:\/\/www.kral-medical.ro\/?post_type=product&#038;p=3201"},"modified":"2021-05-04T12:59:53","modified_gmt":"2021-05-04T12:59:53","slug":"stryker-nav-3i","status":"publish","type":"product","link":"https:\/\/kral-medical.ro\/?product=stryker-nav-3i","title":{"rendered":"Stryker NAV3i"},"content":{"rendered":"<p><img decoding=\"async\" class=\"product_top_image\" src=\"http:\/\/www.kral-medical.ro\/wp-content\/uploads\/2021\/05\/Nav3i_cranian.png\" \/><\/p>\n<div class=\"product_title_over_image\">\n<p>Stryker NAV3i<\/p>\n<\/div>\n<div class=\"product_subtitle_over_image\"><span style=\"color: #333333;\">Platform\u0103 de neruronaviga\u021bie<\/span><\/div>\n<div class=\"product-content\">\n<h2 style=\"display: block;\"><span style=\"color: #333333;\">Prezentare general\u0103<\/span><\/h2>\n<h4 style=\"display: block;\"><span style=\"color: #ff9900;\">Stryker NAV3i este o inova\u021bie chirugical\u0103<br \/>\n<\/span><\/h4>\n<p>De la designul s\u0103u elegant \u0219i capabilit\u0103\u021bi de calcul puternice p\u00e2n\u0103 la imagini vizuale \u00eembun\u0103t\u0103\u021bite furnizate de monitoare, platforma Stryker NAV3i \u00eembun\u0103t\u0103\u021be\u0219te procesele, integr\u00e2ndu-se f\u0103r\u0103 probleme \u00een sala de opera\u021bie. C\u00e2\u0219tig\u0103tor al mai multor premii de design, platforma Stryker NAV3i este cu adev\u0103rat experien\u021ba de naviga\u021bie chirurgical\u0103 suprem\u0103.<br \/>\nPlatforma Stryker NAV3i v\u0103 ofer\u0103 specifica\u021biile de performan\u021b\u0103 \u0219i accesoriile pe care le a\u0219tepta\u021bi de la un sistem de naviga\u021bie chirurgical\u0103 de v\u00e2rf. Ob\u021bine\u021bi maximul de aplica\u021bii \u0219i op\u021biuni de configurare &#8211; plus capacitate suplimentar\u0103 de importare a imaginilor \u0219i integrare la microscop.<\/p>\n<hr \/>\n<h2 style=\"display: block;\">Func\u021bii<\/h2>\n<ul class=\"product-ul\">\n<li class=\"heading\"><span style=\"color: #ff9900;\">Camer\u0103 patentat\u0103<\/span><\/li>\n<li>Camer\u0103 de navigare patentat\u0103 cu tehnologie optic\u0103 activ\u0103<\/li>\n<li class=\"heading\"><span style=\"color: #ff9900;\">Monitor HD<\/span><\/li>\n<li>Monitor chirurg HD de 32\u2033<\/li>\n<li class=\"heading\"><span style=\"color: #ff9900;\">Flexibiliatate \u00een mi\u0219care<\/span><\/li>\n<li>Bra\u021bul camerei de naviga\u021bie cu o gam\u0103 larg\u0103 de mi\u0219c\u0103ri pentru a acomoda cu u\u0219urin\u021b\u0103 diverse proceduri \u0219i abord\u0103ri<\/li>\n<li class=\"heading\"><span style=\"color: #ff9900;\">LiveCam<\/span><\/li>\n<li>LiveCam \u00eencorporat pentru pozi\u021bionarea u\u0219oar\u0103 a camerei de naviga\u021bie \u0219i a instrumentelor inteligente<\/li>\n<li class=\"heading\"><span style=\"color: #ff9900;\">Capacitate tactil\u0103<\/span><\/li>\n<li>Interfa\u021b\u0103 de utilizare robust\u0103 a tabletei IO cu capacitate tactil\u0103<\/li>\n<li class=\"heading\"><span style=\"color: #ff9900;\">Design elegant<\/span><\/li>\n<li>Amprent\u0103 mic\u0103 \u0219i design elegant pentru a maximiza spa\u021biul \u00een sala de opera\u021bie<\/li>\n<li class=\"heading\"><span style=\"color: #ff9900;\">Alimentare continu\u0103<\/span><\/li>\n<li>Alimentare ne\u00eentreruptibil\u0103 p\u00e2n\u0103 la \u0219ase minute<\/li>\n<li class=\"heading\"><span style=\"color: #ff9900;\">Vitez\u0103 de procesare \u00eembun\u0103t\u0103\u021bit\u0103<\/span><\/li>\n<li>PC industrial cu vitez\u0103 de procesare \u00eembun\u0103t\u0103\u021bit\u0103 \u0219i cu 60% memorie RAM mai mare fa\u021b\u0103 de platforma veche<\/li>\n<li class=\"heading\"><span style=\"color: #ff9900;\">Integrare DICOM<\/span><\/li>\n<li>Interogare \/ recuperare DICOM \u0219i func\u021bionalitate client DICOM pentru integrarea wireless \u00een re\u021beaua spitalului<\/li>\n<\/ul>\n<p>&nbsp;<\/p>\n<\/div>\n","protected":false},"excerpt":{"rendered":"<p>Stryker NAV3i Platform\u0103 de neruronaviga\u021bie Prezentare general\u0103 Stryker NAV3i este o inova\u021bie chirugical\u0103 De la designul s\u0103u elegant \u0219i capabilit\u0103\u021bi de calcul puternice p\u00e2n\u0103 la imagini vizuale \u00eembun\u0103t\u0103\u021bite furnizate de monitoare, platforma Stryker NAV3i \u00eembun\u0103t\u0103\u021be\u0219te procesele, integr\u00e2ndu-se f\u0103r\u0103 probleme \u00een sala de opera\u021bie. C\u00e2\u0219tig\u0103tor al mai multor premii de design, platforma Stryker NAV3i este cu &#8230; <a title=\"Stryker NAV3i\" class=\"read-more\" href=\"https:\/\/kral-medical.ro\/?product=stryker-nav-3i\" aria-label=\"Cite\u0219te mai multe despre Stryker NAV3i\">Cite\u0219te mai mult<\/a><\/p>\n","protected":false},"featured_media":3202,"template":"","meta":[],"pwb-brand":[78],"product_brand":[],"product_cat":[121],"product_tag":[],"class_list":{"0":"post-3201","1":"product","2":"type-product","3":"status-publish","4":"has-post-thumbnail","6":"pwb-brand-stryker","7":"product_cat-statie-de-neuronavigatie-neurochirurgie","9":"first","10":"instock","11":"shipping-taxable","12":"product-type-simple"},"brands":[{"id":78,"name":"Stryker","slug":"stryker"}],"_links":{"self":[{"href":"https:\/\/kral-medical.ro\/index.php?rest_route=\/wp\/v2\/product\/3201","targetHints":{"allow":["GET"]}}],"collection":[{"href":"https:\/\/kral-medical.ro\/index.php?rest_route=\/wp\/v2\/product"}],"about":[{"href":"https:\/\/kral-medical.ro\/index.php?rest_route=\/wp\/v2\/types\/product"}],"version-history":[{"count":1,"href":"https:\/\/kral-medical.ro\/index.php?rest_route=\/wp\/v2\/product\/3201\/revisions"}],"predecessor-version":[{"id":11012,"href":"https:\/\/kral-medical.ro\/index.php?rest_route=\/wp\/v2\/product\/3201\/revisions\/11012"}],"wp:featuredmedia":[{"embeddable":true,"href":"https:\/\/kral-medical.ro\/index.php?rest_route=\/wp\/v2\/media\/3202"}],"wp:attachment":[{"href":"https:\/\/kral-medical.ro\/index.php?rest_route=%2Fwp%2Fv2%2Fmedia&parent=3201"}],"wp:term":[{"taxonomy":"pwb-brand","embeddable":true,"href":"https:\/\/kral-medical.ro\/index.php?rest_route=%2Fwp%2Fv2%2Fpwb-brand&post=3201"},{"taxonomy":"product_brand","embeddable":true,"href":"https:\/\/kral-medical.ro\/index.php?rest_route=%2Fwp%2Fv2%2Fproduct_brand&post=3201"},{"taxonomy":"product_cat","embeddable":true,"href":"https:\/\/kral-medical.ro\/index.php?rest_route=%2Fwp%2Fv2%2Fproduct_cat&post=3201"},{"taxonomy":"product_tag","embeddable":true,"href":"https:\/\/kral-medical.ro\/index.php?rest_route=%2Fwp%2Fv2%2Fproduct_tag&post=3201"}],"curies":[{"name":"wp","href":"https:\/\/api.w.org\/{rel}","templated":true}]}}