{"id":6267,"date":"2021-03-02T11:57:43","date_gmt":"2021-03-02T11:57:43","guid":{"rendered":"http:\/\/kral-medical.ro\/?post_type=product&#038;p=6267"},"modified":"2021-04-07T14:17:51","modified_gmt":"2021-04-07T14:17:51","slug":"c3-cryosystem","status":"publish","type":"product","link":"https:\/\/kral-medical.ro\/?product=c3-cryosystem","title":{"rendered":"C3 CryoSystem"},"content":{"rendered":"<p><img decoding=\"async\" class=\"product_top_image\" src=\"https:\/\/kral-medical.ro\/wp-content\/uploads\/2021\/04\/Sistem-Critoterapie.jpg\" \/><\/p>\n<div class=\"product_title_over_image\"><span style=\"color: #333333;\">C3 CryoSystem<\/span><\/div>\n<div class=\"product_subtitle_over_image\"><span style=\"color: #333333;\">Sistem de crioterapie pentru terapia durerii<br \/>\n<\/span><\/div>\n<div class=\"product-content\">\n<h2 style=\"display: block;\"><span style=\"color: #333333;\">Prezentare general\u0103<\/span><\/h2>\n<h4 style=\"display: block;\"><span style=\"color: #ff9900;\">Folosind tehnici de crioterapie (criolezie), sistemul C3 CryoSystem permite terapeutului s\u0103 \u00eenl\u0103ture durerea.<\/span><\/h4>\n<p>Tratamentul eficient al durerii a fost obiectivul clinicienilor \u0219i al exper\u021bilor \u00een tratarea durerii de-a lungul istoriei umane. At\u00e2t durerile acute, c\u00e2t \u0219i cele cronice reprezint\u0103 o provocare uria\u0219\u0103 pentru pacien\u021bi, precum \u0219i pentru doctori, pentru c\u0103 acestea diminueaz\u0103 calitatea vie\u021bii pacientului. Efectul calmant al durerii prin aplicarea tratamentelor reci cum este apa rece este cunoscut din cele mai vechi timpuri. Baz\u00e2ndu-se pe trecut \u0219i folosind cele mai recente progrese \u00een criotehnologie \u0219i ameliorarea durerii, pacien\u021bii \u0219i clinicienii aleg acum sistemul de ultim\u0103 genera\u021bie CryoSystem C3 pentru crioterapie \u0219i tratamentul durerii.<\/p>\n<hr \/>\n<h2 style=\"display: block;\">Func\u021bii<\/h2>\n<ul class=\"product-ul\">\n<li class=\"heading\"><span style=\"color: #ff9900;\">Intuitiv \u0219i u\u0219or de utilizat cu rezultate excelente<br \/>\n<\/span><\/li>\n<li>Navigare \u00een meniu u\u0219or de utilizat<\/li>\n<li>Rezultate excelente la temperatur\u0103 sc\u0103zut\u0103 (crioterapie)<\/li>\n<li>Controlul \u0219i reglarea automat\u0103 a tuturor parametrilor relevan\u021bi, cum ar fi debitul \u0219i presiunea gazului<\/li>\n<li>Procedur\u0103 de purjare automat\u0103<\/li>\n<li>Sistem de management al pacientului<\/li>\n<li class=\"heading\"><span style=\"color: #ff9900;\">Stimulator electric integrat<br \/>\n<\/span><\/li>\n<li>Sstimulare motorie \u0219i senzorial\u0103<\/li>\n<li class=\"heading\"><span style=\"color: #ff9900;\">Pedal\u0103 (op\u021bional)<br \/>\n<\/span><\/li>\n<li>\u00centregul proces de crioterapie \u0219i documentare poate fi efectuat cu ajutorul pedalei (op\u021bional)<\/li>\n<li class=\"heading\"><span style=\"color: #ff9900;\">Func\u021bii inteligente<br \/>\n<\/span><\/li>\n<li>Raport de tratament cu comentarii<\/li>\n<li>Documentarea tuturor func\u021biilor utilizate, inclusiv a proceselor de stimulare \u0219i crioterapie<\/li>\n<li>Cititor de coduri de bare pentru identificarea pacientului<\/li>\n<li>Comunicarea dispozitivului prin USB<\/li>\n<li>Import \u0219i export de date<\/li>\n<li>Conexiune la o imprimant\u0103<\/li>\n<\/ul>\n<p>&nbsp;<\/p>\n<\/div>\n","protected":false},"excerpt":{"rendered":"<p>C3 CryoSystem Sistem de crioterapie pentru terapia durerii Prezentare general\u0103 Folosind tehnici de crioterapie (criolezie), sistemul C3 CryoSystem permite terapeutului s\u0103 \u00eenl\u0103ture durerea. Tratamentul eficient al durerii a fost obiectivul clinicienilor \u0219i al exper\u021bilor \u00een tratarea durerii de-a lungul istoriei umane. At\u00e2t durerile acute, c\u00e2t \u0219i cele cronice reprezint\u0103 o provocare uria\u0219\u0103 pentru pacien\u021bi, precum &#8230; <a title=\"C3 CryoSystem\" class=\"read-more\" href=\"https:\/\/kral-medical.ro\/?product=c3-cryosystem\" aria-label=\"Cite\u0219te mai multe despre C3 CryoSystem\">Cite\u0219te mai mult<\/a><\/p>\n","protected":false},"featured_media":6268,"template":"","meta":[],"pwb-brand":[117],"product_brand":[],"product_cat":[171],"product_tag":[],"class_list":{"0":"post-6267","1":"product","2":"type-product","3":"status-publish","4":"has-post-thumbnail","6":"pwb-brand-inomed","7":"product_cat-terapia-durerii","9":"first","10":"instock","11":"shipping-taxable","12":"product-type-simple"},"brands":[{"id":117,"name":"InoMed","slug":"inomed"}],"_links":{"self":[{"href":"https:\/\/kral-medical.ro\/index.php?rest_route=\/wp\/v2\/product\/6267","targetHints":{"allow":["GET"]}}],"collection":[{"href":"https:\/\/kral-medical.ro\/index.php?rest_route=\/wp\/v2\/product"}],"about":[{"href":"https:\/\/kral-medical.ro\/index.php?rest_route=\/wp\/v2\/types\/product"}],"version-history":[{"count":1,"href":"https:\/\/kral-medical.ro\/index.php?rest_route=\/wp\/v2\/product\/6267\/revisions"}],"predecessor-version":[{"id":10569,"href":"https:\/\/kral-medical.ro\/index.php?rest_route=\/wp\/v2\/product\/6267\/revisions\/10569"}],"wp:featuredmedia":[{"embeddable":true,"href":"https:\/\/kral-medical.ro\/index.php?rest_route=\/wp\/v2\/media\/6268"}],"wp:attachment":[{"href":"https:\/\/kral-medical.ro\/index.php?rest_route=%2Fwp%2Fv2%2Fmedia&parent=6267"}],"wp:term":[{"taxonomy":"pwb-brand","embeddable":true,"href":"https:\/\/kral-medical.ro\/index.php?rest_route=%2Fwp%2Fv2%2Fpwb-brand&post=6267"},{"taxonomy":"product_brand","embeddable":true,"href":"https:\/\/kral-medical.ro\/index.php?rest_route=%2Fwp%2Fv2%2Fproduct_brand&post=6267"},{"taxonomy":"product_cat","embeddable":true,"href":"https:\/\/kral-medical.ro\/index.php?rest_route=%2Fwp%2Fv2%2Fproduct_cat&post=6267"},{"taxonomy":"product_tag","embeddable":true,"href":"https:\/\/kral-medical.ro\/index.php?rest_route=%2Fwp%2Fv2%2Fproduct_tag&post=6267"}],"curies":[{"name":"wp","href":"https:\/\/api.w.org\/{rel}","templated":true}]}}