{"id":817,"date":"2017-11-13T12:04:08","date_gmt":"2017-11-13T12:04:08","guid":{"rendered":"http:\/\/kral-medical.ro\/?post_type=product&#038;p=817"},"modified":"2021-05-13T09:17:05","modified_gmt":"2021-05-13T09:17:05","slug":"lampa-trulight-3000","status":"publish","type":"product","link":"https:\/\/kral-medical.ro\/?product=lampa-trulight-3000","title":{"rendered":"Lampa TruLight 3000"},"content":{"rendered":"<p><img decoding=\"async\" class=\"product_top_image\" src=\"http:\/\/www.kral-medical.ro\/wp-content\/uploads\/2020\/07\/Trulight_3000_produs.png\" \/><\/p>\n<div class=\"product_title_over_image\"><span style=\"color: #333333;\">TruLight 3000<\/span><\/div>\n<p class=\"product_subtitle_over_image\"><span style=\"color: #333333;\">Lamp\u0103 de opera\u021bie eficient\u0103 \u0219i durabil\u0103<\/span><\/p>\n<div class=\"product-content\">\n<h2 style=\"display: block;\"><span style=\"color: #333333;\">Prezentare general\u0103<\/span><\/h2>\n<h4 style=\"display: block;\"><span style=\"color: #ff9900;\">Inteligen\u021b\u0103 esen\u021bial\u0103 \u00een sala de opera\u021bie<\/span><\/h4>\n<p>Lampa de opera\u021bie TruLight \u2122 3000 este solu\u021bia fiabil\u0103 \u0219i flexibil\u0103 pentru medii chirurgicale tipice. Combin\u00e2nd performan\u021ba luminii \u0219i eficien\u021ba, aceasta este ideal\u0103 pentru camere de urgen\u021b\u0103, trauma, centre ambulatorii sau unit\u0103\u021bi de terapie intensiv\u0103.<\/p>\n<p>C\u00e2nd timpul este esen\u021bial, v\u0103 pute\u021bi baza pe lampa chirurgical\u0103 TruLight \u2122 3000. Simplu de utilizat \u0219i u\u0219oar\u0103, lumina poate fi pozi\u021bionat\u0103 cu u\u0219urin\u021b\u0103 \u0219i adaptat\u0103 pentru a \u00eendeplini cerin\u021bele procedurii\/opera\u021biei. Aceasta poate fi utilizat\u0103 ca solu\u021bie montat\u0103 pe tavan, montat\u0103 pe perete sau mobil\u0103.<\/span><\/p>\n<hr \/>\n<h2 style=\"display: block;\">Func\u021bii<\/h2>\n<ul class=\"product-ul\">\n<li class=\"heading\"><span style=\"color: #ff9900;\">Condi\u021bii de iluminare optime<\/span><\/li>\n<li>Sistemul de iluminare optic\u0103 cu o matrice multi-lentil\u0103 foarte sofisticat\u0103 asigur\u0103 o distribu\u021bie remarcabil\u0103 a luminii emise \u0219i asigur\u0103 o calitate omogen\u0103 a luminii. Dispunerea elementelor LED \u0219i orientarea lor elimin\u0103 necesitatea reajust\u0103rii \u00een timpul procedurilor chirurgicale.<\/li>\n<li class=\"heading\"><span style=\"color: #ff9900;\">Lumin\u0103 adaptativ\u0103<\/span><\/li>\n<li>Lampa de opera\u021bie se poate regla manual la trei distan\u021be generale de lucru: aproape, normal \u0219i la distan\u021b\u0103. \u00cen aceste zone, iluminarea este optimizat\u0103 datorit\u0103 func\u021biei de lumin\u0103 adaptiv\u0103.<\/li>\n<li class=\"heading\"><span style=\"color: #ff9900;\">Eficien\u021b\u0103 \u0219i durabilitate<\/span><\/li>\n<li>LED-urile puternice ale l\u0103mpii emit o lumin\u0103 mare, produc\u00e2nd simultan o cantitate mic\u0103 de c\u0103ldur\u0103, ceea ce permite un ciclu de via\u021b\u0103 mai lung. TruLight \u2122 3000 Surgical Light este, prin urmare, un partener de \u00eencredere \u0219i eficient \u00een sala de opera\u021bie.<\/li>\n<li class=\"heading\"><span style=\"color: #ff9900;\">Reglare avansat\u0103<\/span><\/li>\n<li>Designul compact al celor dou\u0103 dimensiuni ale l\u0103mpii permite pozi\u021bionarea u\u0219oar\u0103 \u0219i turbulen\u021ba minim\u0103 a aerului. <\/li>\n<\/ul>\n<p>&nbsp;<\/p>\n<\/div>\n","protected":false},"excerpt":{"rendered":"<h2>TruLight 3000: performante exceptionale si economice<\/h2>\n<p>Un produs este la fel de bun precum capacitatea sa de a satisface cerintele utilizatorilor sai. Trumpf Medical intelege modul in care sa puna in aplicare cu succes acest lucru in momentul dezvoltarii produselor sale. TruLight 3000 este solutia adaptabila, fiabila a companiei Trumpf Medical pentru segmentul de iluminare standard in bloc operator. Aceasta combina puterea ridicata cu economia fiind in acelasi timp extrem de eficienta si extrem de adaptabila. Lampa chirurgicala pentru utilizare flexibila in bloc operator, centre de traume si unitati si clinici de asistenta medicala ambulatorie de specialitate.<\/p>\n","protected":false},"featured_media":1297,"template":"","meta":[],"pwb-brand":[58],"product_brand":[],"product_cat":[67,46],"product_tag":[],"class_list":{"0":"post-817","1":"product","2":"type-product","3":"status-publish","4":"has-post-thumbnail","6":"pwb-brand-trumpf-medical","7":"product_cat-chirurgie-bariatrica","8":"product_cat-lampa-de-operatie","10":"first","11":"instock","12":"shipping-taxable","13":"product-type-simple"},"brands":[{"id":58,"name":"Trumpf Medical","slug":"trumpf-medical"}],"_links":{"self":[{"href":"https:\/\/kral-medical.ro\/index.php?rest_route=\/wp\/v2\/product\/817","targetHints":{"allow":["GET"]}}],"collection":[{"href":"https:\/\/kral-medical.ro\/index.php?rest_route=\/wp\/v2\/product"}],"about":[{"href":"https:\/\/kral-medical.ro\/index.php?rest_route=\/wp\/v2\/types\/product"}],"version-history":[{"count":1,"href":"https:\/\/kral-medical.ro\/index.php?rest_route=\/wp\/v2\/product\/817\/revisions"}],"predecessor-version":[{"id":820,"href":"https:\/\/kral-medical.ro\/index.php?rest_route=\/wp\/v2\/product\/817\/revisions\/820"}],"wp:featuredmedia":[{"embeddable":true,"href":"https:\/\/kral-medical.ro\/index.php?rest_route=\/wp\/v2\/media\/1297"}],"wp:attachment":[{"href":"https:\/\/kral-medical.ro\/index.php?rest_route=%2Fwp%2Fv2%2Fmedia&parent=817"}],"wp:term":[{"taxonomy":"pwb-brand","embeddable":true,"href":"https:\/\/kral-medical.ro\/index.php?rest_route=%2Fwp%2Fv2%2Fpwb-brand&post=817"},{"taxonomy":"product_brand","embeddable":true,"href":"https:\/\/kral-medical.ro\/index.php?rest_route=%2Fwp%2Fv2%2Fproduct_brand&post=817"},{"taxonomy":"product_cat","embeddable":true,"href":"https:\/\/kral-medical.ro\/index.php?rest_route=%2Fwp%2Fv2%2Fproduct_cat&post=817"},{"taxonomy":"product_tag","embeddable":true,"href":"https:\/\/kral-medical.ro\/index.php?rest_route=%2Fwp%2Fv2%2Fproduct_tag&post=817"}],"curies":[{"name":"wp","href":"https:\/\/api.w.org\/{rel}","templated":true}]}}